n base 2, what is 1101110 - -10101011000101011?
10101011010011001
In base 2, what is -100110000101101011011111100 + 110?
-100110000101101011011110110
In base 3, what is 20 - 1001001012202212?
-1001001012202122
In base 9, what is 43867 - 103?
43764
In base 4, what is 201010200103323 - 3?
201010200103320
In base 3, what is 21210101020 + -10211?
21210020102
In base 5, what is -100 - 141433322?
-141433422
In base 2, what is -10011011011011 + 100100100011?
-1110110111000
In base 6, what is 2 + 1153400341?
1153400343
In base 7, what is -6262 + -1215125?
-1224420
In base 11, what is 57a2a86 + 4?
57a2a8a
In base 13, what is -3b67b551 + 2?
-3b67b54c
In base 2, what is 1011110 - -1011011110000010100?
1011011110001110010
In base 14, what is -2 + -7abd98?
-7abd9a
In base 2, what is 110 + 1011011001100010111110001?
1011011001100010111110111
In base 3, what is 102110202 + -2220112?
22120020
In base 13, what is 93726 - 1?
93725
In base 8, what is -20 - 1342747?
-1342767
In base 14, what is -326b6 + -122?
-327d8
In base 15, what is -2d04da - -6?
-2d04d4
In base 8, what is 27266 - 147242?
-117754
In base 9, what is -2360573 - -55?
-2360517
In base 10, what is -4 + 4424786?
4424782
In base 3, what is -2020022 - 1011211?
-10102010
In base 11, what is 14 - 25395a?
-253946
In base 4, what is 200201103203 - -11?
200201103220
In base 14, what is 2894 - 81c?
2076
In base 7, what is -2 + -20266156?
-20266161
In base 2, what is -101 + 111100001010110000110?
111100001010110000001
In base 12, what is -29 - 25474?
-254a1
In base 2, what is 1101011000110010111 + -1011?
1101011000110001100
In base 16, what is -16d747 - -27?
-16d720
In base 10, what is -68551449 - -2?
-68551447
In base 12, what is 3 - -a8629a?
a862a1
In base 12, what is -324629 + -90?
-3246b9
In base 6, what is 24 + 134533054?
134533122
In base 12, what is 36a798a + 2?
36a7990
In base 12, what is 18309 + -330?
17b99
In base 5, what is -2130302 - -1241232?
-334020
In base 5, what is 202 + 111124404?
111130111
In base 12, what is -5371 + -552?
-5903
In base 2, what is -1110101000101111011 - 10011?
-1110101000110001110
In base 14, what is 155 - 54881?
-5472a
In base 5, what is -204 - 1043020102?
-1043020311
In base 13, what is -2 + -1077156?
-1077158
In base 4, what is 3102103220 - 12?
3102103202
In base 11, what is -3a3 + 4426?
4033
In base 6, what is -14155 - -235?
-13520
In base 11, what is 309 - -11a43?
12251
In base 11, what is -6a92 - 24?
-7006
In base 2, what is -111010 + 10000101000001111010?
10000101000001000000
In base 16, what is -19e + 4d47?
4ba9
In base 8, what is 160443 + 40?
160503
In base 4, what is 22 - -11330001221?
11330001303
In base 7, what is -1542 - -64545?
63003
In base 6, what is -1 + -13214134055?
-13214134100
In base 6, what is 32334313 + -4225?
32330044
In base 7, what is -32266653 + 62?
-32266561
In base 14, what is 187b01 + -287?
187858
In base 8, what is -13317436 + -63?
-13317521
In base 11, what is 1a0a1187 + 7?
1a0a1193
In base 13, what is -83b4 - -2a688?
222a4
In base 12, what is -10 - 389908?
-389918
In base 9, what is 401863 + -33?
401830
In base 11, what is -2a812 - -5?
-2a808
In base 12, what is 36426806 - -2?
36426808
In base 2, what is -10101011 - -11000111100100111?
11000111001111100
In base 13, what is -4 - -440251a?
4402516
In base 14, what is 15ab1 - -2c2?
15d93
In base 8, what is 224 - -6115433?
6115657
In base 9, what is -88425 - -1188?
-87226
In base 13, what is 11b583 + -9?
11b577
In base 9, what is 584 - 174764?
-174170
In base 2, what is -10 - 11010100010001101000001?
-11010100010001101000011
In base 15, what is -637a - -2ae1?
-3789
In base 5, what is 114323 - -11343?
131221
In base 15, what is 1685 - -3c7?
1a5c
In base 15, what is -1 + 3ed52e?
3ed52d
In base 4, what is -31 - 20320302?
-20320333
In base 4, what is -113131110 + 1221?
-113123223
In base 4, what is 31323332331000 - 11?
31323332330323
In base 15, what is -843 + -17498?
-17cdb
In base 5, what is -4133 - 1302242?
-1311430
In base 12, what is 103a3 - 113?
10290
In base 8, what is -3 - -30153211?
30153206
In base 11, what is -165095 - -132?
-164a63
In base 4, what is -22223211 - 121331?
-23011202
In base 14, what is 3a + -b784?
-b748
In base 13, what is 28c2023 + 2?
28c2025
In base 12, what is 6ab8 - -50088?
56b84
In base 15, what is 8b94e2 - -5?
8b94e7
In base 14, what is 4689b4c + -1?
4689b4b
In base 15, what is -27e - 4c66?
-4ee5
In base 9, what is -683363 - -80?
-683273
In base 15, what is -41b8b0e2 + 4?
-41b8b0dd
In base 8, what is -147 - 311262?
-311431
In base 6, what is 142214 - -33055?
215313
In base 2, what is 1 - 110110001010101000001110001?
-110110001010101000001110000
In base 14, what is 1c - 1ba35?
-1ba17
In base 11, what is -439 - 57161?
-5759a
In base 9, what is 327 + 403102?
403430
In base 2, what is -11 - -100111101111001010010001?
100111101111001010001110
In base 10, what is 2076205 + 40?
2076245
In base 13, what is -135ca865 - -3?
-135ca862
In base 14, what is 37 + -75d33?
-75cda
In base 5, what is 3402 + -130314?
-121412
In base 9, what is 4 - -1846784?
1846788
In base 3, what is -10 + -102220202112200?
-102220202112210
In base 11, what is -2a88131 - 9?
-2a8813a
In base 14, what is -4 + 3d3290?
3d328a
In base 6, what is -50254 + -224333?
-315031
In base 9, what is 38680054 + -1?
38680053
In base 14, what is -2 - 1ac35d2?
-1ac35d4
In base 4, what is 23 - -110232013320?
110232020003
In base 9, what is -12 - 6110686?
-6110708
In base 15, what is 2 + 6aa4863?
6aa4865
In base 8, what is 37572 + 1347?
41141
In base 13, what is a3 - 48b73?
-48aa0
In base 4, what is -2031 + -30331231?
-30333322
In base 2, what is 101100001010100111 - -1101011010?
101100011000000001
In base 3, what is 12 + 10222000022020?
10222000022102
In base 15, what is -5 - -650c7e?
650c79
In base 14, what is 2080 + -7dd?
1681
In base 4, what is -333321 - 201332?
-1201313
In base 14, what is 3c + -8288a4?
-828866
In base 3, what is 120 - 11002202011001?
-11002202010111
In base 16, what is 83 + 21789?
2180c
In base 10, what is 4 + 30601969?
30601973
In base 2, what is -100000000100 - -101001100?
-11010111000
In base 15, what is -15d3 + 1562?
-71
In base 9, what is -1878404 + 1?
-1878403
In base 3, what is 11200 + -221112000?
-221100100
In base 14, what is -5 - 11770c0?
-11770c5
In base 12, what is -283 + -18b392?
-18b655
In base 2, what is 10 - -1011110100011010010000001?
1011110100011010010000011
In base 3, what is 10121000202 + -2112?
10120221020
In base 9, what is 15 - 21862388?
-21862373
In base 6, what is 2003 + 4331253?
4333300
In base 8, what is -346112 - 204?
-346316
In base 10, what is -11986396 + 3?
-11986393
In base 9, what is -2643 + 3165?
422
In base 10, what is 12 + -6724745?
-6724733
In base 8, what is 1 - 12407612?
-12407611
In base 6, what is 101142012 + 223?
101142235
In base 9, what is -8 - 135078721?
-135078730
In base 7, what is 56015 + -62413?
-3365
In base 4, what is 303000201101 - -232?
303000201333
In base 2, what is 0 + -11110110011011101100?
-11110110011011101100
In base 12, what is -5832a0 - a?
-5832aa
In base 12, what is 7ba7658 + -3?
7ba7655
In base 9, what is -4 - 1648257?
-1648262
In base 12, what is -2b789 - -37a?
-2b40b
In base 15, what is -1c025475 + -4?
-1c025479
In base 12, what is -7 - -183324?
183319
In base 13, what is -193a6091 + 1?
-193a6090
In base 10, what is -1066 - -96512?
95446
In base 9, what is 723512 - -667?
724280
In base 12, what is -123 - -b9399?
b9276
In base 13, what is 88 + 6a023?
6a0ab
In base 11, what is -14 + -2579360?
-2579374
In base 7, what is 10453642 + -33?
10453606
In base 10, what is -9 + 9711967?
9711958
In base 16, what is 9a1b7 - 2e9?
99ece
In base 15, what is be8 + 366ea?
373e3
In base 6, what is -2341155241 + 12?
-2341155225
In base 6, what is 131431 - -44?
131515
In base 9, what is 80737020 + 8?
80737028
In base 14, what is 761a58 + -5?
761a53
In base 4, what is 20210101011 + 1?
20210101012
In base 12, what is 3b4b8 + 537?
3ba33
In base 13, what is 18676 - 47c?
181c7
In base 10, what is -3090845 + -14?
-3090859
In base 4, what is 10012122000 - 133?
10012121201
In base 8, what is 10 - -1435003?
1435013
In base 7, what is -201 - 353502?
-354003
In base 14, what is -4c9 + -2c53?
-333c
In base 10, what is 507 - 5274?
-4767
In base 2, what is 1011011